en 2431952 is divided by 1865.
1857
What is the remainder when 5312879 is divided by 91599?
137
Calculate the remainder when 88612 is divided by 29431.
319
What is the remainder when 1058640521 is divided by 1825?
1821
What is the remainder when 1038876 is divided by 6879?
147
Calculate the remainder when 1164558 is divided by 58227.
18
Calculate the remainder when 8073372 is divided by 8073310.
62
Calculate the remainder when 375111 is divided by 45.
36
Calculate the remainder when 1459284 is divided by 19.
8
What is the remainder when 139670421 is divided by 2367295?
16
What is the remainder when 10252562 is divided by 1593?
14
What is the remainder when 989882 is divided by 65983?
137
What is the remainder when 6375291 is divided by 4186?
13
What is the remainder when 891922 is divided by 33033?
31
Calculate the remainder when 588729 is divided by 1174.
555
What is the remainder when 382839 is divided by 107?
100
Calculate the remainder when 17696483 is divided by 1843.
1840
What is the remainder when 61032 is divided by 105?
27
What is the remainder when 42201 is divided by 45?
36
Calculate the remainder when 538194 is divided by 906.
30
What is the remainder when 2098358 is divided by 174693?
2042
What is the remainder when 141910 is divided by 7111?
6801
Calculate the remainder when 17215144 is divided by 10003.
9984
Calculate the remainder when 10718568 is divided by 2145.
3
Calculate the remainder when 977620 is divided by 139656.
28
What is the remainder when 186523 is divided by 692?
375
What is the remainder when 487413 is divided by 470?
23
Calculate the remainder when 23970 is divided by 3964.
186
What is the remainder when 53392334 is divided by 373?
368
Calculate the remainder when 1078255 is divided by 1504.
1391
What is the remainder when 158676568 is divided by 270?
268
Calculate the remainder when 121774 is divided by 876.
10
Calculate the remainder when 9291756 is divided by 238.
236
What is the remainder when 6032615 is divided by 110?
105
What is the remainder when 64417 is divided by 754?
327
Calculate the remainder when 26911133 is divided by 544.
541
Calculate the remainder when 6114501 is divided by 235.
36
What is the remainder when 116000034 is divided by 488?
482
Calculate the remainder when 566628 is divided by 4165.
188
Calculate the remainder when 8479949 is divided by 159.
2
Calculate the remainder when 6521848 is divided by 537.
520
What is the remainder when 369333 is divided by 171?
144
Calculate the remainder when 71247 is divided by 951.
873
Calculate the remainder when 27832 is divided by 2471.
651
What is the remainder when 2166069 is divided by 25?
19
Calculate the remainder when 1820586 is divided by 13687.
215
What is the remainder when 16522716 is divided by 144?
12
What is the remainder when 33427347 is divided by 1068?
15
Calculate the remainder when 262565 is divided by 225.
215
Calculate the remainder when 531021 is divided by 176995.
36
What is the remainder when 517137 is divided by 1959?
1920
Calculate the remainder when 1123491 is divided by 122.
115
Calculate the remainder when 14126044 is divided by 588582.
76
What is the remainder when 401282854 is divided by 468?
466
Calculate the remainder when 3738880 is divided by 339897.
13
What is the remainder when 541639 is divided by 1209?
7
What is the remainder when 1297957 is divided by 152?
29
Calculate the remainder when 12072 is divided by 280.
32
What is the remainder when 59719455 is divided by 57?
42
What is the remainder when 14380857 is divided by 618?
615
What is the remainder when 242078949 is divided by 290?
289
What is the remainder when 19361377 is divided by 38?
35
Calculate the remainder when 689883 is divided by 137961.
78
Calculate the remainder when 14052158 is divided by 2007447.
29
What is the remainder when 18860905 is divided by 899?
784
What is the remainder when 382620196 is divided by 8200?
8196
What is the remainder when 75800516 is divided by 195?
116
Calculate the remainder when 90687 is divided by 996.
51
Calculate the remainder when 2379474 is divided by 1887.
1854
What is the remainder when 2623354 is divided by 9108?
250
What is the remainder when 472235 is divided by 1268?
539
What is the remainder when 33925 is divided by 13665?
6595
What is the remainder when 2743811 is divided by 548760?
11
Calculate the remainder when 194582 is divided by 38894.
112
What is the remainder when 8815491 is divided by 10323?
9972
What is the remainder when 563940 is divided by 314?
310
Calculate the remainder when 55802950 is divided by 3548.
6
Calculate the remainder when 4044177 is divided by 118946.
13
What is the remainder when 22008578 is divided by 6523?
6499
What is the remainder when 31898356 is divided by 10632757?
85
Calculate the remainder when 348313 is divided by 3014.
1703
What is the remainder when 25404 is divided by 10789?
3826
Calculate the remainder when 4213036 is divided by 961.
12
What is the remainder when 2998363 is divided by 835?
713
Calculate the remainder when 12147922 is divided by 96412.
10
What is the remainder when 10366401 is divided by 1727722?
69
What is the remainder when 3829118 is divided by 30?
8
What is the remainder when 21711332 is divided by 205?
192
What is the remainder when 3978906 is divided by 1326299?
9
Calculate the remainder when 9957789 is divided by 182.
23
What is the remainder when 3038967 is divided by 102?
81
Calculate the remainder when 28941187 is divided by 1447059.
7
What is the remainder when 10857934 is divided by 21?
10
What is the remainder when 2314173 is divided by 2986?
23
Calculate the remainder when 92838 is divided by 1597.
212
Calculate the remainder when 1201269 is divided by 109194.
135
Calculate the remainder when 1989529 is divided by 659.
8
What is the remainder when 36927855 is divided by 9231963?
3
What is the remainder when 25157344 is divided by 26?
4
What is the remainder when 19809088 is divided by 90?
88
What is the remainder when 49755575 is divided by 666?
47
Calculate the remainder when 4590984 is divided by 7.
6
Calculate the remainder when 92896 is divided by 30206.
2278
What is the remainder when 1219226 is divided by 26?
8
Calculate the remainder when 6172441 is divided by 243.
241
What is the remainder when 371709 is divided by 1256?
1189
Calculate the remainder when 19309320 is divided by 1206832.
8
What is the remainder when 6446869 is divided by 2004?
1
Calculate the remainder when 864677 is divided by 4303.
4077
Calculate the remainder when 21792502 is divided by 34373.
20
What is the remainder when 318781257 is divided by 235?
232
What is the remainder when 13489485 is divided by 678?
675
Calculate the remainder when 33613401 is divided by 30255.
96
What is the remainder when 6468111 is divided by 1291?
201
What is the remainder when 78873 is divided by 6543?
357
What is the remainder when 103561 is divided by 24971?
3677
What is the remainder when 95974 is divided by 4346?
362
What is the remainder when 60426 is divided by 58344?
2082
Calculate the remainder when 124069 is divided by 115627.
8442
Calculate the remainder when 20779161 is divided by 14.
11
What is the remainder when 12303849 is divided by 4058?
4051
What is the remainder when 35947 is divided by 2653?
1458
Calculate the remainder when 31095007 is divided by 15547502.
3
What is the remainder when 23217559 is divided by 10?
9
Calculate the remainder when 622742 is divided by 1852.
470
Calculate the remainder when 719737 is divided by 516.
433
What is the remainder when 2004216 is divided by 417?
114
Calculate the remainder when 24830920 is divided by 1479.
1468
What is the remainder when 3139117 is divided by 3139094?
23
Calculate the remainder when 457123 is divided by 11721.
4
What is the remainder when 221031 is divided by 45?
36
What is the remainder when 760150 is divided by 47506?
54
What is the remainder when 14027948 is divided by 17623?
40
Calculate the remainder when 439609 is divided by 16275.
184
What is the remainder when 325271 is divided by 12046?
29
What is the remainder when 1512812446 is divided by 1162?
1160
Calculate the remainder when 215351 is divided by 105.
101
What is the remainder when 37464 is divided by 2523?
2142
What is the remainder w